(-6))/((-231)/693) a prime number?
False
Let u(c) = -3*c**3 + 31*c**2 + 47*c - 1. Is u(11) composite?
True
Suppose -614 = -d - 609. Suppose d*i - 11 = -26, -2*y + 2797 = -i. Is y a prime number?
False
Suppose 4*a = -a - 3*f + 1709135, 3*f - 1025481 = -3*a. Suppose -a = -54*m + 78779. Is m a prime number?
True
Suppose 3*g - 3*f + 9 = -0*f, 3*g + 3*f + 33 = 0. Let z(l) = -l**3 + 7*l**2 - 11*l + 19. Let c be z(g). Suppose 2*a - 224 = c. Is a composite?
False
Let p(h) = h**2. Let r(f) = -18*f**2 - 2*f - 3. Let y(c) = -6*p(c) - r(c). Let z(k) = -10*k**2 + 113*k - 37. Let d be z(11). Is y(d) prime?
False
Suppose 85*m = 90*m - 30. Is (-56)/12 + 5 - (-3808)/m prime?
False
Suppose b + 4*a = 76779, -5*a + 230391 = 3*b - 2*a. Is b a composite number?
True
Let y(q) = 17620*q**2 - 17*q - 16. Is y(-1) composite?
True
Is 1/11 + 980399040/1760 a prime number?
False
Let j be (2*115/(-10))/(-1). Suppose -j*p = -26*p + 4209. Is p composite?
True
Suppose 0 = -5*m - i - 3*i + 469, 0 = 3*m + i - 287. Let h be (-72)/45*(-54 - 11). Let u = m + h. Is u a prime number?
False
Let i = -10 + 42. Let p(l) = 28*l**2 + 11 + 11 + 7 - 7*l - i. Is p(8) composite?
False
Suppose 10*p + 30*p - 1970674 = 6*p. Is p a composite number?
True
Suppose -2*f = 4*i + i - 17, 0 = 3*i - 2*f - 7. Suppose i*d + 245 = 1472. Is d a composite number?
False
Let v(h) = -12 - 23*h - 18 + 27*h - 5. Let y be v(10). Suppose -2*t - 3*d + 2353 = -2013, 0 = y*d. Is t prime?
False
Let c(j) = -4 + 3 - 7 + 10*j**2 - 5*j - 72*j**3 - 3 + 12*j. Is c(-6) a prime number?
True
Suppose -20 = -5*f + 4*m, f + 3 = m + 8. Is (-18440)/(-25) + (f - 3/5) a prime number?
False
Let c(n) = -91652*n**3 + 3*n**2 + 3*n - 1. Is c(-1) a prime number?
False
Suppose -4*w + 21 - 1 = 0. Suppose -4*z - 1428 = -o + 1015, 0 = -2*o + w*z + 4898. Is o a composite number?
False
Let s(d) = -d**2 + 11*d - 22. Let y be s(5). Suppose 5*v - y = 7, -4*h = 4*v - 16448. Is h composite?
True
Suppose 57*c + 5318170 = 7103134 + 24477843. Is c composite?
True
Let d = 295 + -293. Suppose -2*b - 6*p + d*p = -38726, 4*b - p = 77497. Is b a prime number?
True
Suppose -5*h - 12 = -h, -15 = -4*o + 5*h. Suppose o = 3*l - 4*l + 7751. Is l prime?
False
Let y be (-8)/(-2) + 43 + -40. Suppose 0 = y*k + k - 6152. Is k composite?
False
Let o = -423714 - -824123. Is o a prime number?
True
Suppose 2*h = 15*h + 4*h - 27217. Is h composite?
False
Let x be -35*1*(-1)/7. Suppose -x*i = -177147 - 133888. Is i prime?
True
Let o = 340 - 306. Let f = o - -495. Is f composite?
True
Let z(m) = 3898*m**2 + 6*m - 33. Let y be z(5). Suppose 30*s + y = 37*s. Is s a composite number?
False
Suppose l - 8824 + 228 = -5*f, 0 = 2*f - 2. Suppose l = -48*k + 30815. Is k a prime number?
True
Suppose -34 = 7*l - 9*l + 5*a, -l = -a - 14. Suppose 24*o - 13*o = l*o. Is (-1 + o - 3) + 485 a composite number?
True
Suppose -7*o + 9 = -4*o. Suppose -o*q = 1 - 1. Suppose 5*v = -2*b + 719, q = -b - 4*v + 119 + 248. Is b prime?
True
Let k(q) = -70*q**2 + 6*q + 3. Let i be k(-4). Let j = -1891 - -3813. Let c = j + i. Is c a prime number?
False
Let t(u) = -14*u**3 + 52*u**2 - 28*u + 11. Let p(m) = -9*m**3 + 35*m**2 - 19*m + 7. Let o(r) = -8*p(r) + 5*t(r). Is o(15) a prime number?
False
Let v = -23771 - -40629. Suppose v = 5*s + 3*f, -s + f + 3369 = -f. Is s a prime number?
True
Suppose -20 = 4*d - 5*l, 3*d - 4*l + 23 = 8. Is d/(-2) - (-15078)/12 composite?
False
Suppose 0 = 5*z - 2*h - 488745, 4*z = 10*h - 14*h + 391024. Is z a composite number?
True
Let w = -27 - -30. Let y = 74 + -69. Suppose -6*b + 2659 = 2*t - 3*b, -y*t = w*b - 6670. Is t prime?
False
Let h = 52 + -62. Let m be 15/h*4/3. Is 3829/(-2)*(-2 - (2 + m)) a composite number?
True
Suppose -418855 = -2*b + 604103. Suppose -b = -46*l + 77045. Is l prime?
False
Let t be (-75714)/(-10) - 24/60. Let u = t + -4080. Is u prime?
True
Let y be (-1)/18*-6 + 3/(-9). Suppose 0*h + 16 = 3*c + 2*h, 10 = 5*h. Suppose q = 3*u + 4*q - 897, y = -c*u - 3*q + 1196. Is u composite?
True
Let u = -17 - -51. Suppose -10*a = -8*a - u. Suppose -21*t + a*t + 1212 = 0. Is t a composite number?
True
Let p(f) = f + 64. Let b(a) = a + 127. Let o(j) = -6*b(j) + 14*p(j). Let c be o(0). Let v = c + -5. Is v composite?
True
Is 2/21 - 5/15*(-93497429)/329 composite?
True
Suppose -239*v + 254864 = 4*r - 234*v, 4*r - v = 254888. Is r composite?
True
Suppose -6*z = 14*z - 732720. Let d = -23977 + z. Is d composite?
False
Suppose 5*k - 12 = 33. Let c(v) = v**3 - 10*v**3 + 10*v**3 + 7*v**2 - k*v + 3. Is c(16) prime?
False
Is ((-543)/225 - (-14)/6) + (-4488727)/(-25) a composite number?
False
Suppose -100*r + 98*r + 1415 = s, -r = s - 706. Is r prime?
True
Let q(l) be the third derivative of -l**5/15 - 7*l**4/24 + 8*l**2. Let t be q(-2). Is t*(-198)/8 - 3/6 a composite number?
True
Let s(l) be the third derivative of l**8/1344 - l**7/720 - l**6/240 + 13*l**5/60 + 15*l**2. Let k(u) be the third derivative of s(u). Is k(7) prime?
True
Let c(w) = -w**2 - 34*w - 163. Let i be c(-6). Let k(r) = 51*r**3 + 11*r**2 - 5*r - 6. Is k(i) prime?
True
Suppose -173*r - 1041274 = -45278931. Is r a prime number?
True
Let k be ((-4)/(-3))/((-2)/(-3)). Suppose 5 = y + 3*i + 2, -i - 9 = k*y. Is y/4*(-5892)/9 a prime number?
False
Let u(q) = 221*q - 45. Let t(h) = -16 - 6 + 77*h + 34*h. Let r(c) = 5*t(c) - 3*u(c). Is r(-6) a prime number?
True
Let s(l) = -l + 24. Let g(f) = -f - 1. Let c(r) = -4*g(r) - s(r). Let d be c(4). Suppose -13*x + 4*x + 837 = d. Is x prime?
False
Let j(p) = 284*p - 169. Suppose 25*y = 16*y + 63. Is j(y) a composite number?
True
Let t(h) = -h - 1. Let z(y) = -12. Let a(c) = -2*t(c) - z(c). Let w be a(-5). Let g(k) = 14*k**3 - 5*k**2 + 7*k - 3. Is g(w) a composite number?
True
Let q = -456 + 1570. Let y be q - -1*(-1 - 0). Is 1/(y/(-557) + 2) a composite number?
False
Let i(d) be the second derivative of -9*d + 0 + 227/6*d**3 + 13*d**2. Is i(3) a composite number?
True
Let v be 849 - (2 + -3)*-4. Let a be ((-39)/(-13))/(6/(-40)). Let o = v - a. Is o prime?
False
Suppose 8*y - 158525 = 3*y - 20*y. Is y composite?
True
Let w(c) = -c**2 + 17*c - 57. Let m = -90 + 97. Let p be w(m). Is -4 + 50/p - 11559/(-13) a prime number?
False
Suppose 147 = 8*t - 133. Let m = t + -29. Suppose 0 = 2*u + 2*l - 450, -m*l - 876 = -4*u - 4*l. Is u a composite number?
True
Is (31665179/273)/(-1 + (-8)/(-6)) prime?
True
Let y(j) = -102 - 119 - 82*j**2 - 35*j**2 + 179*j**2 - 28*j. Is y(-17) a composite number?
True
Suppose 0 = -5*g + 2*f + 1014, 0 = -6*g + 11*g - f - 1017. Is (g/10)/(3/5) prime?
False
Is 39*34/51 + 169211 prime?
False
Let l(v) = -1908*v + 8. Let b be l(-4). Suppose 3*x + 6105 = 4*m + 4*x, 5*m - b = -3*x. Suppose 3*i - 648 = -4*h + m, -4*h + 2161 = -i. Is h a prime number?
True
Suppose -13*m - 2*p = -20052131, 2*m = 4*p - 9*p + 3084901. Is m a composite number?
False
Let u(v) = 171*v - 7. Let r be u(5). Suppose -10*q - 349 + 379 = 0. Suppose -2*s + 9 = q, -r = -4*h + 4*s. Is h composite?
True
Let t(r) = 93*r**2 - 2 - 3*r + 1 + 3 + 3. Let i be t(2). Is 0 + i*1 + (-4 - -6) composite?
False
Let d be (-1)/(((-6)/(-8))/(-1 + -2)). Suppose d*j - 3 = -23. Is 3/j + (7190/25 - -4) composite?
True
Let l(c) = 8*c**2 - 7*c - 19. Let g be l(-10). Suppose -n + 2*z + g = -0*n, -3*n = 3*z - 2598. Suppose -183 = 6*v - n. Is v a composite number?
False
Let q be (-4)/32 - (2 - (-862285)/(-40)). Let u = -6128 + q. Is u composite?
False
Let h = 156697 - 79154. Is h a composite number?
False
Suppose 9 = 3*c + 3*y, 3*c - 2*y = -2 + 1. Let o be ((-9459)/(-27))/(c/3). Let n = o + -314. Is n prime?
False
Suppose -110154 = -2*w + 1317988. Is w prime?
False
Suppose -471*b = -470*b - 4083. Is b prime?
False
Let v be 54*(0 - (-2)/3). Let m = 39 - v. Suppose -5*s + 1803 = 4*l - 1382, -4*s + 2549 = m*l. Is s a composite number?
False
Let f(v) = 1815*v - 310. Is f(25) a composite number?
True
Let b(y) = -15*y**3 - 2*y**2 - 2*y - 3. Let x(f) = f**2 - 3*f - 6. Let d be x(-2). Let s be b(d). Let p = 1490 + s. Is p prime?
True
Is (278/(-6))/(-8 + (323752/(-107913) - -11)) a prime number?
False
Suppose 5*w = 2*x - 174143 - 49984, 0 = -5*x - 5*w + 560300. Is x a composite number?
False
Let k = 166323 + 32900. Is k prime?
False
Let r(z) = 1040*z**3 + z**2 + 7*z + 2. Let m be r(6). Is 4/(-6) - (m/(-30) + -9) a composite 